{"id":98,"date":"2026-03-09T18:59:11","date_gmt":"2026-03-09T18:59:11","guid":{"rendered":"https:\/\/answir.pl\/?page_id=98"},"modified":"2026-03-15T10:32:28","modified_gmt":"2026-03-15T10:32:28","slug":"blog","status":"publish","type":"page","link":"https:\/\/answir.pl\/index.php\/blog\/","title":{"rendered":"Blog"},"content":{"rendered":"\n<p>Wkr\u00f3tce<\/p>\n\n\n\n<section class=\"answir-footer-contact\">\n  <div class=\"answir-footer-overlay\"><\/div>\n\n  <div class=\"answir-footer-inner\">\n\n    <div class=\"answir-footer-top\">\n      <div class=\"answir-footer-col answir-footer-about\">\n        <div class=\"answir-footer-logo\">ANSWIR<\/div>\n        <p>\n          Specjalizujemy si\u0119 w tworzeniu saun ogrodowych oraz domk\u00f3w modu\u0142owych z drewna.\n          Oferujemy trwa\u0142e, estetyczne i ekologiczne rozwi\u0105zania, dopasowane do\n          indywidualnych potrzeb, kt\u00f3re idealnie wpisuj\u0105 si\u0119 w ka\u017cdy ogr\u00f3d.\n        <\/p>\n      <\/div>\n\n      <div class=\"answir-footer-col\">\n        <h3>Odkryj nas<\/h3>\n        <ul>\n          <li><a href=\"https:\/\/answir.pl\/index.php\/o-nas\/\">O nas<\/a><\/li>\n          <li><a href=\"https:\/\/answir.pl\/index.php\/nasza-oferta\/\">Nasza oferta<\/a><\/li>\n          <li><a href=\"https:\/\/answir.pl\/index.php\/portfolio\/\">Portfolio<\/a><\/li>\n          <li><a href=\"https:\/\/answir.pl\/index.php\/blog\/\">Blog<\/a><\/li>\n          <li><a href=\"https:\/\/answir.pl\/index.php\/kontakt\/\">Kontakt<\/a><\/li>\n        <\/ul>\n\n        <div class=\"answir-socials\">\n          <a href=\"#\" aria-label=\"Facebook\">f<\/a>\n          <a href=\"#\" aria-label=\"Instagram\">ig<\/a>\n          <a href=\"#\" aria-label=\"Twitter\">x<\/a>\n        <\/div>\n      <\/div>\n\n      <div class=\"answir-footer-col\">\n        <h3>Us\u0142ugi<\/h3>\n        <ul>\n          <li><a href=\"https:\/\/answir.pl\/index.php\/nasza-oferta\/\">Budowa saun ogrodowych<\/a><\/li>\n          <li><a href=\"https:\/\/answir.pl\/index.php\/nasza-oferta\/\">Produkcja domk\u00f3w modu\u0142owych<\/a><\/li>\n          <li><a href=\"https:\/\/answir.pl\/index.php\/nasza-oferta\/\">Wyroby z drewna na zam\u00f3wienie<\/a><\/li>\n        <\/ul>\n      <\/div>\n\n      <div class=\"answir-footer-col answir-form-col\">\n        <h3>Kontakt<\/h3>\n        <p class=\"answir-contact-cta-text\">\n          Masz pytania dotycz\u0105ce oferty, realizacji lub indywidualnej wyceny?\n          Przejd\u017a do formularza kontaktowego i napisz do nas.\n        <\/p>\n\n        <a class=\"answir-contact-cta-btn\" href=\"https:\/\/answir.pl\/index.php\/kontakt\/\">\n          Przejd\u017a do formularza\n        <\/a>\n      <\/div>\n    <\/div>\n\n    <div class=\"answir-footer-bottom\">\n      <div class=\"answir-contact-list\">\n        <div class=\"answir-contact-item\">\n  <span class=\"answir-icon\">\u2706<\/span>\n  <span>\n    +48 530 214 654<br>\n    +48 575 248 358\n  <\/span>\n<\/div>\n\n        <div class=\"answir-contact-item\">\n          <span class=\"answir-icon\">\u2709<\/span>\n          <span>answirpl@gmail.com<\/span>\n        <\/div>\n\n        <div class=\"answir-contact-item\">\n          <span class=\"answir-icon\">\u2302<\/span>\n          <span>Soce 81, Narew 17-210, Podlaskie<\/span>\n        <\/div>\n\n        <div class=\"answir-contact-item\">\n          <span class=\"answir-icon\">\u25f7<\/span>\n          <span>\n            Pon &#8211; Pt: 09:00 &#8211; 17:00<br>\n            Sobota: 09:00 &#8211; 17:00<br>\n            Niedziela: Zamkni\u0119te\n          <\/span>\n        <\/div>\n      <\/div>\n    <\/div>\n\n  <\/div>\n<\/section>\n\n<style>\n  .answir-footer-contact {\n    position: relative;\n    background: #f8f7f3;\n    padding: 90px 20px 70px;\n    font-family: Arial, Helvetica, sans-serif;\n    overflow: hidden;\n  }\n\n  .answir-footer-overlay {\n    position: absolute;\n    inset: 0;\n    background:\n      linear-gradient(rgba(248,247,243,0.94), rgba(248,247,243,0.96)),\n      url('https:\/\/answir.pl\/wp-content\/uploads\/2026\/03\/Zrzut-ekranu-2026-03-9-o-13.43.26.jpeg') center\/cover no-repeat;\n    opacity: 0.22;\n    pointer-events: none;\n  }\n\n  .answir-footer-inner {\n    position: relative;\n    max-width: 1380px;\n    margin: 0 auto;\n    z-index: 1;\n  }\n\n  .answir-footer-top {\n    display: grid;\n    grid-template-columns: 1.2fr 0.8fr 0.9fr 1.1fr;\n    gap: 42px;\n    padding-bottom: 40px;\n    border-bottom: 1px solid rgba(154,148,130,0.22);\n  }\n\n  .answir-footer-col h3 {\n    margin: 0 0 24px;\n    color: #3f3a32;\n    font-size: 24px;\n    line-height: 1.2;\n    font-family: Georgia, \"Times New Roman\", serif;\n  }\n\n  .answir-footer-about .answir-footer-logo {\n    margin-bottom: 24px;\n    color: #9a9482;\n    font-size: 34px;\n    letter-spacing: 1px;\n    font-family: Georgia, \"Times New Roman\", serif;\n  }\n\n  .answir-footer-about p {\n    margin: 0;\n    color: #4f4a43;\n    font-size: 16px;\n    line-height: 1.9;\n    max-width: 360px;\n  }\n\n  .answir-footer-col ul {\n    list-style: none;\n    padding: 0;\n    margin: 0;\n  }\n\n  .answir-footer-col li {\n    margin-bottom: 16px;\n  }\n\n  .answir-footer-col a {\n    text-decoration: none;\n    color: #3f3a32;\n    font-size: 16px;\n    line-height: 1.4;\n    transition: 0.25s ease;\n  }\n\n  .answir-footer-col a:hover {\n    color: #9a9482;\n  }\n\n  .answir-socials {\n    display: flex;\n    gap: 12px;\n    margin-top: 28px;\n  }\n\n  .answir-socials a {\n    width: 38px;\n    height: 38px;\n    border-radius: 50%;\n    background: #9a9482;\n    color: #fff;\n    display: inline-flex;\n    align-items: center;\n    justify-content: center;\n    font-size: 14px;\n    font-weight: 700;\n    text-transform: lowercase;\n  }\n\n  .answir-socials a:hover {\n    background: #7f796b;\n    color: #fff;\n  }\n\n  .answir-contact-cta-text {\n    margin: 0 0 24px;\n    color: #4f4a43;\n    font-size: 16px;\n    line-height: 1.9;\n  }\n\n  .answir-contact-cta-btn {\n    display: inline-block;\n    padding: 16px 24px;\n    background: #9a9482;\n    color: #fff !important;\n    border-radius: 12px;\n    font-size: 17px;\n    font-weight: 700;\n    letter-spacing: 0.3px;\n    text-decoration: none;\n    transition: 0.25s ease;\n  }\n\n  .answir-contact-cta-btn:hover {\n    background: #7f796b;\n    color: #fff !important;\n  }\n\n  .answir-footer-bottom {\n    padding-top: 36px;\n  }\n\n  .answir-contact-list {\n    display: grid;\n    grid-template-columns: repeat(4, 1fr);\n    gap: 24px;\n  }\n\n  .answir-contact-item {\n    display: flex;\n    align-items: flex-start;\n    gap: 14px;\n    color: #3f3a32;\n    font-size: 16px;\n    line-height: 1.8;\n  }\n\n  .answir-icon {\n    color: #9a9482;\n    font-size: 24px;\n    line-height: 1;\n    min-width: 28px;\n    text-align: center;\n  }\n\n  @media (max-width: 1200px) {\n    .answir-footer-top {\n      grid-template-columns: 1fr 1fr;\n    }\n\n    .answir-contact-list {\n      grid-template-columns: 1fr 1fr;\n    }\n  }\n\n  @media (max-width: 760px) {\n    .answir-footer-contact {\n      padding: 70px 16px 50px;\n    }\n\n    .answir-footer-top {\n      grid-template-columns: 1fr;\n      gap: 30px;\n    }\n\n    .answir-contact-list {\n      grid-template-columns: 1fr;\n      gap: 18px;\n    }\n\n    .answir-footer-col h3 {\n      font-size: 22px;\n    }\n\n    .answir-footer-about .answir-footer-logo {\n      font-size: 28px;\n    }\n\n    .answir-contact-cta-btn {\n      width: 100%;\n      box-sizing: border-box;\n      text-align: center;\n    }\n  }\n<\/style>\n","protected":false},"excerpt":{"rendered":"<p>Wkr\u00f3tce ANSWIR Specjalizujemy si\u0119 w tworzeniu saun ogrodowych oraz domk\u00f3w modu\u0142owych z drewna. Oferujemy trwa\u0142e, estetyczne i ekologiczne rozwi\u0105zania, dopasowane do indywidualnych potrzeb, kt\u00f3re idealnie wpisuj\u0105 si\u0119 w ka\u017cdy ogr\u00f3d. Odkryj nas O nas Nasza oferta Portfolio Blog Kontakt f ig x Us\u0142ugi Budowa saun ogrodowych Produkcja domk\u00f3w modu\u0142owych Wyroby z drewna na zam\u00f3wienie Kontakt [&hellip;]<\/p>\n","protected":false},"author":1,"featured_media":0,"parent":0,"menu_order":0,"comment_status":"closed","ping_status":"closed","template":"","meta":{"footnotes":""},"class_list":["post-98","page","type-page","status-publish","hentry"],"yoast_head":"<!-- This site is optimized with the Yoast SEO plugin v27.3 - https:\/\/yoast.com\/product\/yoast-seo-wordpress\/ -->\n<title>Blog - ANSWIR<\/title>\n<meta name=\"robots\" content=\"index, follow, max-snippet:-1, max-image-preview:large, max-video-preview:-1\" \/>\n<link rel=\"canonical\" href=\"http:\/\/answir.pl\/index.php\/blog\/\" \/>\n<meta property=\"og:locale\" content=\"pl_PL\" \/>\n<meta property=\"og:type\" content=\"article\" \/>\n<meta property=\"og:title\" content=\"Blog - ANSWIR\" \/>\n<meta property=\"og:description\" content=\"Wkr\u00f3tce ANSWIR Specjalizujemy si\u0119 w tworzeniu saun ogrodowych oraz domk\u00f3w modu\u0142owych z drewna. Oferujemy trwa\u0142e, estetyczne i ekologiczne rozwi\u0105zania, dopasowane do indywidualnych potrzeb, kt\u00f3re idealnie wpisuj\u0105 si\u0119 w ka\u017cdy ogr\u00f3d. Odkryj nas O nas Nasza oferta Portfolio Blog Kontakt f ig x Us\u0142ugi Budowa saun ogrodowych Produkcja domk\u00f3w modu\u0142owych Wyroby z drewna na zam\u00f3wienie Kontakt [&hellip;]\" \/>\n<meta property=\"og:url\" content=\"http:\/\/answir.pl\/index.php\/blog\/\" \/>\n<meta property=\"og:site_name\" content=\"ANSWIR\" \/>\n<meta property=\"article:publisher\" content=\"https:\/\/www.facebook.com\/people\/Sauny-Answir\/pfbid02KZTtQoG27Stp4DTGV5rZgvwaE2nyQ7v6HJmVi2ToLrkDPPavgTzHXE5QFWyU4FmEl\/?rdid=eFlRykbYX26c1VzD&amp;share_url=httpswww.facebook.comshare1LCsxvBHfg\" \/>\n<meta property=\"article:modified_time\" content=\"2026-03-15T10:32:28+00:00\" \/>\n<meta name=\"twitter:card\" content=\"summary_large_image\" \/>\n<meta name=\"twitter:label1\" content=\"Szacowany czas czytania\" \/>\n\t<meta name=\"twitter:data1\" content=\"1 minuta\" \/>\n<script type=\"application\/ld+json\" class=\"yoast-schema-graph\">{\"@context\":\"https:\\\/\\\/schema.org\",\"@graph\":[{\"@type\":\"WebPage\",\"@id\":\"http:\\\/\\\/answir.pl\\\/index.php\\\/blog\\\/\",\"url\":\"http:\\\/\\\/answir.pl\\\/index.php\\\/blog\\\/\",\"name\":\"Blog - ANSWIR\",\"isPartOf\":{\"@id\":\"https:\\\/\\\/answir.pl\\\/#website\"},\"datePublished\":\"2026-03-09T18:59:11+00:00\",\"dateModified\":\"2026-03-15T10:32:28+00:00\",\"breadcrumb\":{\"@id\":\"http:\\\/\\\/answir.pl\\\/index.php\\\/blog\\\/#breadcrumb\"},\"inLanguage\":\"pl-PL\",\"potentialAction\":[{\"@type\":\"ReadAction\",\"target\":[\"http:\\\/\\\/answir.pl\\\/index.php\\\/blog\\\/\"]}]},{\"@type\":\"BreadcrumbList\",\"@id\":\"http:\\\/\\\/answir.pl\\\/index.php\\\/blog\\\/#breadcrumb\",\"itemListElement\":[{\"@type\":\"ListItem\",\"position\":1,\"name\":\"\u0413\u043b\u0430\u0432\u043d\u0430\u044f \u0441\u0442\u0440\u0430\u043d\u0438\u0446\u0430\",\"item\":\"https:\\\/\\\/answir.pl\\\/\"},{\"@type\":\"ListItem\",\"position\":2,\"name\":\"Blog\"}]},{\"@type\":\"WebSite\",\"@id\":\"https:\\\/\\\/answir.pl\\\/#website\",\"url\":\"https:\\\/\\\/answir.pl\\\/\",\"name\":\"ANSWIR\",\"description\":\"Sauny ogrodowe z drewna - cieplo z Podliasia\",\"publisher\":{\"@id\":\"https:\\\/\\\/answir.pl\\\/#organization\"},\"alternateName\":\"ANSWIR Producent saun ogrodowych i wyrob\u00f3w z drewna\",\"potentialAction\":[{\"@type\":\"SearchAction\",\"target\":{\"@type\":\"EntryPoint\",\"urlTemplate\":\"https:\\\/\\\/answir.pl\\\/?s={search_term_string}\"},\"query-input\":{\"@type\":\"PropertyValueSpecification\",\"valueRequired\":true,\"valueName\":\"search_term_string\"}}],\"inLanguage\":\"pl-PL\"},{\"@type\":\"Organization\",\"@id\":\"https:\\\/\\\/answir.pl\\\/#organization\",\"name\":\"ANSWIR\",\"url\":\"https:\\\/\\\/answir.pl\\\/\",\"logo\":{\"@type\":\"ImageObject\",\"inLanguage\":\"pl-PL\",\"@id\":\"https:\\\/\\\/answir.pl\\\/#\\\/schema\\\/logo\\\/image\\\/\",\"url\":\"https:\\\/\\\/answir.pl\\\/wp-content\\\/uploads\\\/2026\\\/03\\\/Answir-2-1.png\",\"contentUrl\":\"https:\\\/\\\/answir.pl\\\/wp-content\\\/uploads\\\/2026\\\/03\\\/Answir-2-1.png\",\"width\":2000,\"height\":2000,\"caption\":\"ANSWIR\"},\"image\":{\"@id\":\"https:\\\/\\\/answir.pl\\\/#\\\/schema\\\/logo\\\/image\\\/\"},\"sameAs\":[\"https:\\\/\\\/www.facebook.com\\\/people\\\/Sauny-Answir\\\/pfbid02KZTtQoG27Stp4DTGV5rZgvwaE2nyQ7v6HJmVi2ToLrkDPPavgTzHXE5QFWyU4FmEl\\\/?rdid=eFlRykbYX26c1VzD&share_url=httpswww.facebook.comshare1LCsxvBHfg\"]}]}<\/script>\n<!-- \/ Yoast SEO plugin. -->","yoast_head_json":{"title":"Blog - ANSWIR","robots":{"index":"index","follow":"follow","max-snippet":"max-snippet:-1","max-image-preview":"max-image-preview:large","max-video-preview":"max-video-preview:-1"},"canonical":"http:\/\/answir.pl\/index.php\/blog\/","og_locale":"pl_PL","og_type":"article","og_title":"Blog - ANSWIR","og_description":"Wkr\u00f3tce ANSWIR Specjalizujemy si\u0119 w tworzeniu saun ogrodowych oraz domk\u00f3w modu\u0142owych z drewna. Oferujemy trwa\u0142e, estetyczne i ekologiczne rozwi\u0105zania, dopasowane do indywidualnych potrzeb, kt\u00f3re idealnie wpisuj\u0105 si\u0119 w ka\u017cdy ogr\u00f3d. Odkryj nas O nas Nasza oferta Portfolio Blog Kontakt f ig x Us\u0142ugi Budowa saun ogrodowych Produkcja domk\u00f3w modu\u0142owych Wyroby z drewna na zam\u00f3wienie Kontakt [&hellip;]","og_url":"http:\/\/answir.pl\/index.php\/blog\/","og_site_name":"ANSWIR","article_publisher":"https:\/\/www.facebook.com\/people\/Sauny-Answir\/pfbid02KZTtQoG27Stp4DTGV5rZgvwaE2nyQ7v6HJmVi2ToLrkDPPavgTzHXE5QFWyU4FmEl\/?rdid=eFlRykbYX26c1VzD&share_url=httpswww.facebook.comshare1LCsxvBHfg","article_modified_time":"2026-03-15T10:32:28+00:00","twitter_card":"summary_large_image","twitter_misc":{"Szacowany czas czytania":"1 minuta"},"schema":{"@context":"https:\/\/schema.org","@graph":[{"@type":"WebPage","@id":"http:\/\/answir.pl\/index.php\/blog\/","url":"http:\/\/answir.pl\/index.php\/blog\/","name":"Blog - ANSWIR","isPartOf":{"@id":"https:\/\/answir.pl\/#website"},"datePublished":"2026-03-09T18:59:11+00:00","dateModified":"2026-03-15T10:32:28+00:00","breadcrumb":{"@id":"http:\/\/answir.pl\/index.php\/blog\/#breadcrumb"},"inLanguage":"pl-PL","potentialAction":[{"@type":"ReadAction","target":["http:\/\/answir.pl\/index.php\/blog\/"]}]},{"@type":"BreadcrumbList","@id":"http:\/\/answir.pl\/index.php\/blog\/#breadcrumb","itemListElement":[{"@type":"ListItem","position":1,"name":"\u0413\u043b\u0430\u0432\u043d\u0430\u044f \u0441\u0442\u0440\u0430\u043d\u0438\u0446\u0430","item":"https:\/\/answir.pl\/"},{"@type":"ListItem","position":2,"name":"Blog"}]},{"@type":"WebSite","@id":"https:\/\/answir.pl\/#website","url":"https:\/\/answir.pl\/","name":"ANSWIR","description":"Sauny ogrodowe z drewna - cieplo z Podliasia","publisher":{"@id":"https:\/\/answir.pl\/#organization"},"alternateName":"ANSWIR Producent saun ogrodowych i wyrob\u00f3w z drewna","potentialAction":[{"@type":"SearchAction","target":{"@type":"EntryPoint","urlTemplate":"https:\/\/answir.pl\/?s={search_term_string}"},"query-input":{"@type":"PropertyValueSpecification","valueRequired":true,"valueName":"search_term_string"}}],"inLanguage":"pl-PL"},{"@type":"Organization","@id":"https:\/\/answir.pl\/#organization","name":"ANSWIR","url":"https:\/\/answir.pl\/","logo":{"@type":"ImageObject","inLanguage":"pl-PL","@id":"https:\/\/answir.pl\/#\/schema\/logo\/image\/","url":"https:\/\/answir.pl\/wp-content\/uploads\/2026\/03\/Answir-2-1.png","contentUrl":"https:\/\/answir.pl\/wp-content\/uploads\/2026\/03\/Answir-2-1.png","width":2000,"height":2000,"caption":"ANSWIR"},"image":{"@id":"https:\/\/answir.pl\/#\/schema\/logo\/image\/"},"sameAs":["https:\/\/www.facebook.com\/people\/Sauny-Answir\/pfbid02KZTtQoG27Stp4DTGV5rZgvwaE2nyQ7v6HJmVi2ToLrkDPPavgTzHXE5QFWyU4FmEl\/?rdid=eFlRykbYX26c1VzD&share_url=httpswww.facebook.comshare1LCsxvBHfg"]}]}},"_links":{"self":[{"href":"https:\/\/answir.pl\/index.php\/wp-json\/wp\/v2\/pages\/98","targetHints":{"allow":["GET"]}}],"collection":[{"href":"https:\/\/answir.pl\/index.php\/wp-json\/wp\/v2\/pages"}],"about":[{"href":"https:\/\/answir.pl\/index.php\/wp-json\/wp\/v2\/types\/page"}],"author":[{"embeddable":true,"href":"https:\/\/answir.pl\/index.php\/wp-json\/wp\/v2\/users\/1"}],"replies":[{"embeddable":true,"href":"https:\/\/answir.pl\/index.php\/wp-json\/wp\/v2\/comments?post=98"}],"version-history":[{"count":5,"href":"https:\/\/answir.pl\/index.php\/wp-json\/wp\/v2\/pages\/98\/revisions"}],"predecessor-version":[{"id":484,"href":"https:\/\/answir.pl\/index.php\/wp-json\/wp\/v2\/pages\/98\/revisions\/484"}],"wp:attachment":[{"href":"https:\/\/answir.pl\/index.php\/wp-json\/wp\/v2\/media?parent=98"}],"curies":[{"name":"wp","href":"https:\/\/api.w.org\/{rel}","templated":true}]}}