{"id":26,"date":"2026-03-09T18:51:19","date_gmt":"2026-03-09T18:51:19","guid":{"rendered":"http:\/\/answir.pl\/?page_id=26"},"modified":"2026-03-14T17:27:42","modified_gmt":"2026-03-14T17:27:42","slug":"kontakt","status":"publish","type":"page","link":"https:\/\/answir.pl\/index.php\/kontakt\/","title":{"rendered":""},"content":{"rendered":"\n<style>\n.answir-contact-section{\n  background:#f5f3ef;\n  padding:70px 20px 90px;\n}\n\n.answir-contact-wrap{\n  max-width:1200px;\n  margin:0 auto;\n}\n\n.answir-contact-head{\n  text-align:center;\n  margin-bottom:50px;\n}\n\n.answir-contact-head h1{\n  margin:0 0 16px;\n  font-family:\"Cormorant Garamond\", serif;\n  font-size:72px;\n  line-height:0.95;\n  font-weight:700;\n  color:#384443;\n}\n\n.answir-contact-head p{\n  max-width:760px;\n  margin:0 auto;\n  font-size:20px;\n  line-height:1.7;\n  color:#726d66;\n  font-family:Helvetica, Arial, sans-serif;\n}\n\n.answir-contact-grid{\n  display:grid;\n  grid-template-columns:1.15fr 0.85fr;\n  gap:32px;\n  align-items:start;\n}\n\n.answir-contact-card{\n  background:#f1ede7;\n  border-radius:28px;\n  padding:34px;\n  box-shadow:0 12px 30px rgba(55,45,35,0.08);\n}\n\n.answir-contact-card h2{\n  margin:0 0 24px;\n  font-size:34px;\n  line-height:1.1;\n  color:#2f2d2a;\n  font-family:\"Cormorant Garamond\", serif;\n  font-weight:700;\n}\n\n.answir-contact-info{\n  display:grid;\n  gap:18px;\n}\n\n.answir-contact-box{\n  background:#f1ede7;\n  border-radius:28px;\n  padding:28px 26px;\n  box-shadow:0 12px 30px rgba(55,45,35,0.08);\n}\n\n.answir-contact-box h3{\n  margin:0 0 16px;\n  font-size:28px;\n  line-height:1.1;\n  color:#2f2d2a;\n  font-family:\"Cormorant Garamond\", serif;\n  font-weight:700;\n}\n\n.answir-contact-item{\n  display:flex;\n  align-items:flex-start;\n  gap:14px;\n  margin-bottom:14px;\n}\n\n.answir-contact-item:last-child{\n  margin-bottom:0;\n}\n\n.answir-contact-icon{\n  width:42px;\n  height:42px;\n  min-width:42px;\n  border-radius:50%;\n  background:#e7e0d6;\n  display:flex;\n  align-items:center;\n  justify-content:center;\n  color:#7e7569;\n  font-size:18px;\n}\n\n.answir-contact-text{\n  font-family:Helvetica, Arial, sans-serif;\n  color:#726d66;\n  font-size:17px;\n  line-height:1.7;\n}\n\n.answir-contact-text strong{\n  display:block;\n  color:#2f2d2a;\n  font-size:17px;\n  margin-bottom:2px;\n}\n\n.answir-contact-text a{\n  color:#726d66;\n  text-decoration:none;\n}\n\n.answir-contact-text a:hover{\n  color:#a79b80;\n}\n\n\/* FORMULARZ CF7 *\/\n.answir-contact-form{\n  display:grid;\n  gap:18px;\n}\n\n.answir-contact-row{\n  display:grid;\n  grid-template-columns:1fr 1fr;\n  gap:16px;\n}\n\n.answir-contact-field{\n  display:flex;\n  flex-direction:column;\n  gap:8px;\n}\n\n.answir-contact-field label{\n  font-size:14px;\n  color:#6f685b;\n  font-weight:600;\n  letter-spacing:0.2px;\n  font-family:Helvetica, Arial, sans-serif;\n}\n\n.answir-contact-field input,\n.answir-contact-field textarea{\n  width:100%;\n  border:1px solid rgba(150,140,120,0.18);\n  border-radius:16px;\n  background:#fbfaf7;\n  padding:16px 18px;\n  font-size:16px;\n  color:#2f2d2a;\n  font-family:Helvetica, Arial, sans-serif;\n  box-sizing:border-box;\n  outline:none;\n  transition:0.25s;\n}\n\n.answir-contact-field input:focus,\n.answir-contact-field textarea:focus{\n  border-color:#b7ab90;\n  box-shadow:0 0 0 3px rgba(183,171,144,0.12);\n}\n\n.answir-contact-field textarea{\n  min-height:180px;\n  resize:vertical;\n}\n\n.answir-contact-submit{\n  margin-top:6px;\n}\n\n.answir-contact-submit input[type=\"submit\"]{\n  border:0;\n  background:#7e7569;\n  color:#fff;\n  padding:16px 28px;\n  border-radius:999px;\n  font-size:15px;\n  font-weight:700;\n  letter-spacing:0.3px;\n  cursor:pointer;\n  transition:0.25s;\n  min-width:180px;\n}\n\n.answir-contact-submit input[type=\"submit\"]:hover{\n  background:#675f55;\n  transform:translateY(-1px);\n}\n\n.wpcf7-spinner{\n  margin-top:12px;\n}\n\n.wpcf7 form .wpcf7-response-output{\n  margin:18px 0 0;\n  padding:14px 16px;\n  border-radius:16px;\n  font-size:14px;\n  background:#fbfaf7;\n}\n\n.wpcf7-not-valid-tip{\n  font-size:13px;\n  margin-top:6px;\n}\n\n\/* MAPA *\/\n.answir-map-wrap{\n  max-width:1200px;\n  margin:32px auto 0;\n}\n\n.answir-map-box{\n  background:#f1ede7;\n  border-radius:28px;\n  padding:20px;\n  box-shadow:0 12px 30px rgba(55,45,35,0.08);\n}\n\n.answir-map-box h2{\n  margin:4px 8px 18px;\n  font-size:34px;\n  line-height:1.1;\n  color:#2f2d2a;\n  font-family:\"Cormorant Garamond\", serif;\n  font-weight:700;\n}\n\n.answir-map-frame{\n  overflow:hidden;\n  border-radius:22px;\n}\n\n.answir-map-frame iframe{\n  width:100%;\n  height:420px;\n  border:0;\n  display:block;\n}\n\n\/* RESPONSIVE *\/\n@media (max-width: 980px){\n  .answir-contact-head h1{\n    font-size:56px;\n  }\n\n  .answir-contact-grid{\n    grid-template-columns:1fr;\n  }\n}\n\n@media (max-width: 640px){\n  .answir-contact-section{\n    padding:50px 14px 70px;\n  }\n\n  .answir-contact-head h1{\n    font-size:46px;\n  }\n\n  .answir-contact-head p{\n    font-size:17px;\n  }\n\n  .answir-contact-card,\n  .answir-contact-box,\n  .answir-map-box{\n    padding:24px 20px;\n    border-radius:22px;\n  }\n\n  .answir-contact-row{\n    grid-template-columns:1fr;\n  }\n\n  .answir-map-frame iframe{\n    height:320px;\n  }\n}\n<\/style>\n\n<section class=\"answir-contact-section\">\n  <div class=\"answir-contact-wrap\">\n\n    <div class=\"answir-contact-head\">\n      <h1>Kontakt<\/h1>\n      <p>\n        Masz pytania dotycz\u0105ce realizacji, modeli lub indywidualnej wyceny?\n        Napisz do nas przez formularz lub skontaktuj si\u0119 bezpo\u015brednio.\n      <\/p>\n    <\/div>\n\n    <div class=\"answir-contact-grid\">\n\n      <div class=\"answir-contact-card\">\n        <h2>Napisz do nas<\/h2>\n        \n<div class=\"wpcf7 no-js\" id=\"wpcf7-f360-o1\" lang=\"pl-PL\" dir=\"ltr\" data-wpcf7-id=\"360\">\n<div class=\"screen-reader-response\"><p role=\"status\" aria-live=\"polite\" aria-atomic=\"true\"><\/p> <ul><\/ul><\/div>\n<form action=\"\/index.php\/wp-json\/wp\/v2\/pages\/26#wpcf7-f360-o1\" method=\"post\" class=\"wpcf7-form init\" aria-label=\"Formularz kontaktowy\" novalidate=\"novalidate\" data-status=\"init\">\n<fieldset class=\"hidden-fields-container\"><input type=\"hidden\" name=\"_wpcf7\" value=\"360\" \/><input type=\"hidden\" name=\"_wpcf7_version\" value=\"6.1.5\" \/><input type=\"hidden\" name=\"_wpcf7_locale\" value=\"pl_PL\" \/><input type=\"hidden\" name=\"_wpcf7_unit_tag\" value=\"wpcf7-f360-o1\" \/><input type=\"hidden\" name=\"_wpcf7_container_post\" value=\"0\" \/><input type=\"hidden\" name=\"_wpcf7_posted_data_hash\" value=\"\" \/>\n<\/fieldset>\n<p><label> Twoje imi\u0119 i nazwisko<br \/>\n<span class=\"wpcf7-form-control-wrap\" data-name=\"your-name\"><input size=\"40\" maxlength=\"400\" class=\"wpcf7-form-control wpcf7-text wpcf7-validates-as-required\" autocomplete=\"name\" aria-required=\"true\" aria-invalid=\"false\" value=\"\" type=\"text\" name=\"your-name\" \/><\/span> <\/label>\n<\/p>\n<p><label> Tw\u00f3j adres e-mail<br \/>\n<span class=\"wpcf7-form-control-wrap\" data-name=\"your-email\"><input size=\"40\" maxlength=\"400\" class=\"wpcf7-form-control wpcf7-email wpcf7-validates-as-required wpcf7-text wpcf7-validates-as-email\" autocomplete=\"email\" aria-required=\"true\" aria-invalid=\"false\" value=\"\" type=\"email\" name=\"your-email\" \/><\/span> <\/label>\n<\/p>\n<p><label> Temat<br \/>\n<span class=\"wpcf7-form-control-wrap\" data-name=\"your-subject\"><input size=\"40\" maxlength=\"400\" class=\"wpcf7-form-control wpcf7-text wpcf7-validates-as-required\" aria-required=\"true\" aria-invalid=\"false\" value=\"\" type=\"text\" name=\"your-subject\" \/><\/span> <\/label>\n<\/p>\n<p><label> Twoja wiadomo\u015bci (opcjonalne)<br \/>\n<span class=\"wpcf7-form-control-wrap\" data-name=\"your-message\"><textarea cols=\"40\" rows=\"10\" maxlength=\"2000\" class=\"wpcf7-form-control wpcf7-textarea\" aria-invalid=\"false\" name=\"your-message\"><\/textarea><\/span> <\/label>\n<\/p>\n<p><input class=\"wpcf7-form-control wpcf7-submit has-spinner\" type=\"submit\" value=\"Wy\u015blij\" \/>\n<\/p><p style=\"display: none !important;\" class=\"akismet-fields-container\" data-prefix=\"_wpcf7_ak_\"><label>&#916;<textarea name=\"_wpcf7_ak_hp_textarea\" cols=\"45\" rows=\"8\" maxlength=\"100\"><\/textarea><\/label><input type=\"hidden\" id=\"ak_js_1\" name=\"_wpcf7_ak_js\" value=\"173\"\/><script>document.getElementById( \"ak_js_1\" ).setAttribute( \"value\", ( new Date() ).getTime() );<\/script><\/p><div class=\"wpcf7-response-output\" aria-hidden=\"true\"><\/div>\n<\/form>\n<\/div>\n\n      <\/div>\n\n      <div class=\"answir-contact-info\">\n\n        <div class=\"answir-contact-box\">\n          <h3>Dane firmy<\/h3>\n\n          <div class=\"answir-contact-item\">\n            <div class=\"answir-contact-icon\">\ud83d\udccd<\/div>\n            <div class=\"answir-contact-text\">\n              <strong>Adres<\/strong>\n              ANSWIR Andrii Lamekyn<br>\n              Soce 81<br>\n              17-210 Narew\n            <\/div>\n          <\/div>\n\n          <div class=\"answir-contact-item\">\n            <div class=\"answir-contact-icon\">\ud83e\uddfe<\/div>\n            <div class=\"answir-contact-text\">\n              <strong>NIP<\/strong>\n              9662115669\n            <\/div>\n          <\/div>\n        <\/div>\n\n        <div class=\"answir-contact-box\">\n          <h3>Kontakt bezpo\u015bredni<\/h3>\n\n          <div class=\"answir-contact-item\">\n            <div class=\"answir-contact-icon\">\u2709\ufe0f<\/div>\n            <div class=\"answir-contact-text\">\n              <strong>E-mail<\/strong>\n              <a href=\"mailto:answirpl@gmail.com\">answirpl@gmail.com<\/a>\n            <\/div>\n          <\/div>\n\n          <div class=\"answir-contact-item\">\n            <div class=\"answir-contact-icon\">\ud83d\udcde<\/div>\n            <div class=\"answir-contact-text\">\n              <strong>Telefon<\/strong>\n              <a href=\"tel:+48530214654\">+48 530 214 654<\/a>\n\n  <a href=\"tel:+48575248358\">+48 575 248 358<\/a>\n            <\/div>\n          <\/div>\n        <\/div>\n\n      <\/div>\n\n    <\/div>\n\n    <div class=\"answir-map-wrap\">\n      <div class=\"answir-map-box\">\n        <h2>Lokalizacja<\/h2>\n        <div class=\"answir-map-frame\">\n          <iframe\n            src=\"https:\/\/www.google.com\/maps?q=Soce%2081,%2017-210%20Narew&#038;output=embed\"\n            loading=\"lazy\"\n            referrerpolicy=\"no-referrer-when-downgrade\"\n            allowfullscreen>\n          <\/iframe>\n        <\/div>\n      <\/div>\n    <\/div>\n\n  <\/div>\n<\/section>\n\n\n\n<section class=\"answir-footer-contact\">\n  <div class=\"answir-footer-overlay\"><\/div>\n\n  <div class=\"answir-footer-inner\">\n\n    <div class=\"answir-footer-top\">\n      <div class=\"answir-footer-col answir-footer-about\">\n        <div class=\"answir-footer-logo\">ANSWIR<\/div>\n        <p>\n          Specjalizujemy si\u0119 w tworzeniu saun ogrodowych oraz domk\u00f3w modu\u0142owych z drewna.\n          Oferujemy trwa\u0142e, estetyczne i ekologiczne rozwi\u0105zania, dopasowane do\n          indywidualnych potrzeb, kt\u00f3re idealnie wpisuj\u0105 si\u0119 w ka\u017cdy ogr\u00f3d.\n        <\/p>\n      <\/div>\n\n      <div class=\"answir-footer-col\">\n        <h3>Odkryj nas<\/h3>\n        <ul>\n          <li><a href=\"https:\/\/answir.pl\/index.php\/o-nas\/\">O nas<\/a><\/li>\n          <li><a href=\"https:\/\/answir.pl\/index.php\/nasza-oferta\/\">Nasza oferta<\/a><\/li>\n          <li><a href=\"https:\/\/answir.pl\/index.php\/portfolio\/\">Portfolio<\/a><\/li>\n          <li><a href=\"https:\/\/answir.pl\/index.php\/blog\/\">Blog<\/a><\/li>\n          <li><a href=\"https:\/\/answir.pl\/index.php\/kontakt\/\">Kontakt<\/a><\/li>\n        <\/ul>\n\n        <div class=\"answir-socials\">\n          <a href=\"https:\/\/www.facebook.com\/share\/1LCsxvBHfg\/\" target=\"_blank\" aria-label=\"Facebook\">f<\/a>\n          <a href=\"#\" aria-label=\"Instagram\">ig<\/a>\n          <a href=\"#\" aria-label=\"Twitter\">x<\/a>\n        <\/div>\n      <\/div>\n\n      <div class=\"answir-footer-col\">\n        <h3>Us\u0142ugi<\/h3>\n        <ul>\n          <li><a href=\"https:\/\/answir.pl\/index.php\/nasza-oferta\/\">Budowa saun ogrodowych<\/a><\/li>\n          <li><a href=\"https:\/\/answir.pl\/index.php\/nasza-oferta\/\">Produkcja domk\u00f3w modu\u0142owych<\/a><\/li>\n          <li><a href=\"https:\/\/answir.pl\/index.php\/nasza-oferta\/\">Wyroby z drewna na zam\u00f3wienie<\/a><\/li>\n        <\/ul>\n      <\/div>\n\n      <div class=\"answir-footer-col answir-form-col\">\n        <h3>Kontakt<\/h3>\n        <p class=\"answir-contact-cta-text\">\n          Masz pytania dotycz\u0105ce oferty, realizacji lub indywidualnej wyceny?\n          Przejd\u017a do formularza kontaktowego i napisz do nas.\n        <\/p>\n\n        <a class=\"answir-contact-cta-btn\" href=\"https:\/\/answir.pl\/index.php\/kontakt\/\">\n          Przejd\u017a do formularza\n        <\/a>\n      <\/div>\n    <\/div>\n\n    <div class=\"answir-footer-bottom\">\n      <div class=\"answir-contact-list\">\n\n        <div class=\"answir-contact-item\">\n          <span class=\"answir-icon\">\u2706<\/span>\n          <span>\n            +48 530 214 654<br>\n            +48 575 248 358\n          <\/span>\n        <\/div>\n\n        <div class=\"answir-contact-item\">\n          <span class=\"answir-icon\">\u2709<\/span>\n          <span>answirpl@gmail.com<\/span>\n        <\/div>\n\n        <div class=\"answir-contact-item\">\n          <span class=\"answir-icon\">\u2302<\/span>\n          <span>Soce 81, Narew 17-210, Podlaskie<\/span>\n        <\/div>\n\n        <div class=\"answir-contact-item\">\n          <span class=\"answir-icon\">\u25f7<\/span>\n          <span>\n            Pon &#8211; Pt: 09:00 &#8211; 17:00<br>\n            Sobota: 09:00 &#8211; 17:00<br>\n            Niedziela: Zamkni\u0119te\n          <\/span>\n        <\/div>\n\n      <\/div>\n    <\/div>\n\n  <\/div>\n<\/section>\n\n<style>\n.answir-footer-contact{\nposition:relative;\nbackground:#f8f7f3;\npadding:90px 20px 70px;\nfont-family:Arial, Helvetica, sans-serif;\noverflow:hidden;\n}\n\n.answir-footer-overlay{\nposition:absolute;\ninset:0;\nbackground:\nlinear-gradient(rgba(248,247,243,0.94), rgba(248,247,243,0.96)),\nurl('https:\/\/answir.pl\/wp-content\/uploads\/2026\/03\/Zrzut-ekranu-2026-03-9-o-13.43.26.jpeg') center\/cover no-repeat;\nopacity:0.22;\npointer-events:none;\n}\n\n.answir-footer-inner{\nposition:relative;\nmax-width:1380px;\nmargin:0 auto;\nz-index:1;\n}\n\n.answir-footer-top{\ndisplay:grid;\ngrid-template-columns:1.2fr 0.8fr 0.9fr 1.1fr;\ngap:42px;\npadding-bottom:40px;\nborder-bottom:1px solid rgba(154,148,130,0.22);\n}\n\n.answir-footer-col h3{\nmargin:0 0 24px;\ncolor:#3f3a32;\nfont-size:24px;\nline-height:1.2;\nfont-family:Georgia,\"Times New Roman\",serif;\n}\n\n.answir-footer-about .answir-footer-logo{\nmargin-bottom:24px;\ncolor:#9a9482;\nfont-size:34px;\nletter-spacing:1px;\nfont-family:Georgia,\"Times New Roman\",serif;\n}\n\n.answir-footer-about p{\nmargin:0;\ncolor:#4f4a43;\nfont-size:16px;\nline-height:1.9;\nmax-width:360px;\n}\n\n.answir-footer-col ul{\nlist-style:none;\npadding:0;\nmargin:0;\n}\n\n.answir-footer-col li{\nmargin-bottom:16px;\n}\n\n.answir-footer-col a{\ntext-decoration:none;\ncolor:#3f3a32;\nfont-size:16px;\nline-height:1.4;\ntransition:0.25s ease;\n}\n\n.answir-footer-col a:hover{\ncolor:#9a9482;\n}\n\n.answir-socials{\ndisplay:flex;\ngap:12px;\nmargin-top:28px;\n}\n\n.answir-socials a{\nwidth:38px;\nheight:38px;\nborder-radius:50%;\nbackground:#9a9482;\ncolor:#fff;\ndisplay:inline-flex;\nalign-items:center;\njustify-content:center;\nfont-size:14px;\nfont-weight:700;\ntext-transform:lowercase;\n}\n\n.answir-socials a:hover{\nbackground:#7f796b;\ncolor:#fff;\n}\n\n.answir-contact-cta-text{\nmargin:0 0 24px;\ncolor:#4f4a43;\nfont-size:16px;\nline-height:1.9;\n}\n\n.answir-contact-cta-btn{\ndisplay:inline-block;\npadding:16px 24px;\nbackground:#9a9482;\ncolor:#fff!important;\nborder-radius:12px;\nfont-size:17px;\nfont-weight:700;\nletter-spacing:0.3px;\ntext-decoration:none;\ntransition:0.25s ease;\n}\n\n.answir-contact-cta-btn:hover{\nbackground:#7f796b;\ncolor:#fff!important;\n}\n\n.answir-footer-bottom{\npadding-top:36px;\n}\n\n.answir-contact-list{\ndisplay:grid;\ngrid-template-columns:repeat(4,1fr);\ngap:24px;\n}\n\n.answir-contact-item{\ndisplay:flex;\nalign-items:flex-start;\ngap:14px;\ncolor:#3f3a32;\nfont-size:16px;\nline-height:1.8;\n}\n\n.answir-icon{\ncolor:#9a9482;\nfont-size:24px;\nline-height:1;\nmin-width:28px;\ntext-align:center;\n}\n\n@media (max-width:1200px){\n.answir-footer-top{\ngrid-template-columns:1fr 1fr;\n}\n\n.answir-contact-list{\ngrid-template-columns:1fr 1fr;\n}\n}\n\n@media (max-width:760px){\n.answir-footer-contact{\npadding:70px 16px 50px;\n}\n\n.answir-footer-top{\ngrid-template-columns:1fr;\ngap:30px;\n}\n\n.answir-contact-list{\ngrid-template-columns:1fr;\ngap:18px;\n}\n\n.answir-footer-col h3{\nfont-size:22px;\n}\n\n.answir-footer-about .answir-footer-logo{\nfont-size:28px;\n}\n\n.answir-contact-cta-btn{\nwidth:100%;\nbox-sizing:border-box;\ntext-align:center;\n}\n}\n<\/style>\n","protected":false},"excerpt":{"rendered":"<p>Kontakt Masz pytania dotycz\u0105ce realizacji, modeli lub indywidualnej wyceny? Napisz do nas przez formularz lub skontaktuj si\u0119 bezpo\u015brednio. Napisz do nas Dane firmy \ud83d\udccd Adres ANSWIR Andrii Lamekyn Soce 81 17-210 Narew \ud83e\uddfe NIP 9662115669 Kontakt bezpo\u015bredni \u2709\ufe0f E-mail answirpl@gmail.com \ud83d\udcde Telefon +48 530 214 654 +48 575 248 358 Lokalizacja ANSWIR Specjalizujemy si\u0119 w [&hellip;]<\/p>\n","protected":false},"author":1,"featured_media":0,"parent":0,"menu_order":0,"comment_status":"closed","ping_status":"closed","template":"","meta":{"footnotes":""},"class_list":["post-26","page","type-page","status-publish","hentry"],"yoast_head":"<!-- This site is optimized with the Yoast SEO plugin v27.3 - https:\/\/yoast.com\/product\/yoast-seo-wordpress\/ -->\n<title>- ANSWIR<\/title>\n<meta name=\"robots\" content=\"index, follow, max-snippet:-1, max-image-preview:large, max-video-preview:-1\" \/>\n<link rel=\"canonical\" href=\"https:\/\/answir.pl\/index.php\/kontakt\/\" \/>\n<meta property=\"og:locale\" content=\"pl_PL\" \/>\n<meta property=\"og:type\" content=\"article\" \/>\n<meta property=\"og:title\" content=\"- ANSWIR\" \/>\n<meta property=\"og:description\" content=\"Kontakt Masz pytania dotycz\u0105ce realizacji, modeli lub indywidualnej wyceny? Napisz do nas przez formularz lub skontaktuj si\u0119 bezpo\u015brednio. Napisz do nas Dane firmy \ud83d\udccd Adres ANSWIR Andrii Lamekyn Soce 81 17-210 Narew \ud83e\uddfe NIP 9662115669 Kontakt bezpo\u015bredni \u2709\ufe0f E-mail answirpl@gmail.com \ud83d\udcde Telefon +48 530 214 654 +48 575 248 358 Lokalizacja ANSWIR Specjalizujemy si\u0119 w [&hellip;]\" \/>\n<meta property=\"og:url\" content=\"https:\/\/answir.pl\/index.php\/kontakt\/\" \/>\n<meta property=\"og:site_name\" content=\"ANSWIR\" \/>\n<meta property=\"article:publisher\" content=\"https:\/\/www.facebook.com\/people\/Sauny-Answir\/pfbid02KZTtQoG27Stp4DTGV5rZgvwaE2nyQ7v6HJmVi2ToLrkDPPavgTzHXE5QFWyU4FmEl\/?rdid=eFlRykbYX26c1VzD&amp;share_url=httpswww.facebook.comshare1LCsxvBHfg\" \/>\n<meta property=\"article:modified_time\" content=\"2026-03-14T17:27:42+00:00\" \/>\n<meta name=\"twitter:card\" content=\"summary_large_image\" \/>\n<meta name=\"twitter:label1\" content=\"Szacowany czas czytania\" \/>\n\t<meta name=\"twitter:data1\" content=\"1 minuta\" \/>\n<script type=\"application\/ld+json\" class=\"yoast-schema-graph\">{\"@context\":\"https:\\\/\\\/schema.org\",\"@graph\":[{\"@type\":\"WebPage\",\"@id\":\"https:\\\/\\\/answir.pl\\\/index.php\\\/kontakt\\\/\",\"url\":\"https:\\\/\\\/answir.pl\\\/index.php\\\/kontakt\\\/\",\"name\":\"- ANSWIR\",\"isPartOf\":{\"@id\":\"https:\\\/\\\/answir.pl\\\/#website\"},\"datePublished\":\"2026-03-09T18:51:19+00:00\",\"dateModified\":\"2026-03-14T17:27:42+00:00\",\"inLanguage\":\"pl-PL\",\"potentialAction\":[{\"@type\":\"ReadAction\",\"target\":[\"https:\\\/\\\/answir.pl\\\/index.php\\\/kontakt\\\/\"]}]},{\"@type\":\"WebSite\",\"@id\":\"https:\\\/\\\/answir.pl\\\/#website\",\"url\":\"https:\\\/\\\/answir.pl\\\/\",\"name\":\"ANSWIR\",\"description\":\"Sauny ogrodowe z drewna - cieplo z Podliasia\",\"publisher\":{\"@id\":\"https:\\\/\\\/answir.pl\\\/#organization\"},\"alternateName\":\"ANSWIR Producent saun ogrodowych i wyrob\u00f3w z drewna\",\"potentialAction\":[{\"@type\":\"SearchAction\",\"target\":{\"@type\":\"EntryPoint\",\"urlTemplate\":\"https:\\\/\\\/answir.pl\\\/?s={search_term_string}\"},\"query-input\":{\"@type\":\"PropertyValueSpecification\",\"valueRequired\":true,\"valueName\":\"search_term_string\"}}],\"inLanguage\":\"pl-PL\"},{\"@type\":\"Organization\",\"@id\":\"https:\\\/\\\/answir.pl\\\/#organization\",\"name\":\"ANSWIR\",\"url\":\"https:\\\/\\\/answir.pl\\\/\",\"logo\":{\"@type\":\"ImageObject\",\"inLanguage\":\"pl-PL\",\"@id\":\"https:\\\/\\\/answir.pl\\\/#\\\/schema\\\/logo\\\/image\\\/\",\"url\":\"https:\\\/\\\/answir.pl\\\/wp-content\\\/uploads\\\/2026\\\/03\\\/Answir-2-1.png\",\"contentUrl\":\"https:\\\/\\\/answir.pl\\\/wp-content\\\/uploads\\\/2026\\\/03\\\/Answir-2-1.png\",\"width\":2000,\"height\":2000,\"caption\":\"ANSWIR\"},\"image\":{\"@id\":\"https:\\\/\\\/answir.pl\\\/#\\\/schema\\\/logo\\\/image\\\/\"},\"sameAs\":[\"https:\\\/\\\/www.facebook.com\\\/people\\\/Sauny-Answir\\\/pfbid02KZTtQoG27Stp4DTGV5rZgvwaE2nyQ7v6HJmVi2ToLrkDPPavgTzHXE5QFWyU4FmEl\\\/?rdid=eFlRykbYX26c1VzD&share_url=httpswww.facebook.comshare1LCsxvBHfg\"]}]}<\/script>\n<!-- \/ Yoast SEO plugin. -->","yoast_head_json":{"title":"- ANSWIR","robots":{"index":"index","follow":"follow","max-snippet":"max-snippet:-1","max-image-preview":"max-image-preview:large","max-video-preview":"max-video-preview:-1"},"canonical":"https:\/\/answir.pl\/index.php\/kontakt\/","og_locale":"pl_PL","og_type":"article","og_title":"- ANSWIR","og_description":"Kontakt Masz pytania dotycz\u0105ce realizacji, modeli lub indywidualnej wyceny? Napisz do nas przez formularz lub skontaktuj si\u0119 bezpo\u015brednio. Napisz do nas Dane firmy \ud83d\udccd Adres ANSWIR Andrii Lamekyn Soce 81 17-210 Narew \ud83e\uddfe NIP 9662115669 Kontakt bezpo\u015bredni \u2709\ufe0f E-mail answirpl@gmail.com \ud83d\udcde Telefon +48 530 214 654 +48 575 248 358 Lokalizacja ANSWIR Specjalizujemy si\u0119 w [&hellip;]","og_url":"https:\/\/answir.pl\/index.php\/kontakt\/","og_site_name":"ANSWIR","article_publisher":"https:\/\/www.facebook.com\/people\/Sauny-Answir\/pfbid02KZTtQoG27Stp4DTGV5rZgvwaE2nyQ7v6HJmVi2ToLrkDPPavgTzHXE5QFWyU4FmEl\/?rdid=eFlRykbYX26c1VzD&share_url=httpswww.facebook.comshare1LCsxvBHfg","article_modified_time":"2026-03-14T17:27:42+00:00","twitter_card":"summary_large_image","twitter_misc":{"Szacowany czas czytania":"1 minuta"},"schema":{"@context":"https:\/\/schema.org","@graph":[{"@type":"WebPage","@id":"https:\/\/answir.pl\/index.php\/kontakt\/","url":"https:\/\/answir.pl\/index.php\/kontakt\/","name":"- ANSWIR","isPartOf":{"@id":"https:\/\/answir.pl\/#website"},"datePublished":"2026-03-09T18:51:19+00:00","dateModified":"2026-03-14T17:27:42+00:00","inLanguage":"pl-PL","potentialAction":[{"@type":"ReadAction","target":["https:\/\/answir.pl\/index.php\/kontakt\/"]}]},{"@type":"WebSite","@id":"https:\/\/answir.pl\/#website","url":"https:\/\/answir.pl\/","name":"ANSWIR","description":"Sauny ogrodowe z drewna - cieplo z Podliasia","publisher":{"@id":"https:\/\/answir.pl\/#organization"},"alternateName":"ANSWIR Producent saun ogrodowych i wyrob\u00f3w z drewna","potentialAction":[{"@type":"SearchAction","target":{"@type":"EntryPoint","urlTemplate":"https:\/\/answir.pl\/?s={search_term_string}"},"query-input":{"@type":"PropertyValueSpecification","valueRequired":true,"valueName":"search_term_string"}}],"inLanguage":"pl-PL"},{"@type":"Organization","@id":"https:\/\/answir.pl\/#organization","name":"ANSWIR","url":"https:\/\/answir.pl\/","logo":{"@type":"ImageObject","inLanguage":"pl-PL","@id":"https:\/\/answir.pl\/#\/schema\/logo\/image\/","url":"https:\/\/answir.pl\/wp-content\/uploads\/2026\/03\/Answir-2-1.png","contentUrl":"https:\/\/answir.pl\/wp-content\/uploads\/2026\/03\/Answir-2-1.png","width":2000,"height":2000,"caption":"ANSWIR"},"image":{"@id":"https:\/\/answir.pl\/#\/schema\/logo\/image\/"},"sameAs":["https:\/\/www.facebook.com\/people\/Sauny-Answir\/pfbid02KZTtQoG27Stp4DTGV5rZgvwaE2nyQ7v6HJmVi2ToLrkDPPavgTzHXE5QFWyU4FmEl\/?rdid=eFlRykbYX26c1VzD&share_url=httpswww.facebook.comshare1LCsxvBHfg"]}]}},"_links":{"self":[{"href":"https:\/\/answir.pl\/index.php\/wp-json\/wp\/v2\/pages\/26","targetHints":{"allow":["GET"]}}],"collection":[{"href":"https:\/\/answir.pl\/index.php\/wp-json\/wp\/v2\/pages"}],"about":[{"href":"https:\/\/answir.pl\/index.php\/wp-json\/wp\/v2\/types\/page"}],"author":[{"embeddable":true,"href":"https:\/\/answir.pl\/index.php\/wp-json\/wp\/v2\/users\/1"}],"replies":[{"embeddable":true,"href":"https:\/\/answir.pl\/index.php\/wp-json\/wp\/v2\/comments?post=26"}],"version-history":[{"count":9,"href":"https:\/\/answir.pl\/index.php\/wp-json\/wp\/v2\/pages\/26\/revisions"}],"predecessor-version":[{"id":469,"href":"https:\/\/answir.pl\/index.php\/wp-json\/wp\/v2\/pages\/26\/revisions\/469"}],"wp:attachment":[{"href":"https:\/\/answir.pl\/index.php\/wp-json\/wp\/v2\/media?parent=26"}],"curies":[{"name":"wp","href":"https:\/\/api.w.org\/{rel}","templated":true}]}}